*-1 - 1. Suppose -278 = -4*c + x, 3*x - 188 = -2*c - s. Is c prime?
False
Let d(f) = -f**3 - 4*f**2 + 6*f + 1. Is d(-10) prime?
True
Let l = 4 - 2. Suppose 2*s - 2*m = -5*m + 97, -186 = -4*s + l*m. Is s a composite number?
False
Let w(z) = -5*z**2 + 13*z**2 + 2 + 0 - 2*z - 1. Is w(3) prime?
True
Let n(v) = -16*v - 2. Suppose 3*b + 4 + 5 = 0. Is n(b) a composite number?
True
Let o = -1829 - -2578. Is o a prime number?
False
Suppose -3*k = -4*h + 1010, h - 2*k + 0*k - 255 = 0. Is h prime?
True
Suppose -4*r + 654 = -2*r. Is r prime?
False
Let p be 3/(-9) + 133/3. Suppose -r + 33 = -p. Is r a prime number?
False
Is 0 + (-2282)/(-18) - (-6)/27 prime?
True
Let l = 0 - -2. Suppose l*f + 6 = 0, g - 2*f + 4 = -4*f. Suppose -s + 20 = -g. Is s a composite number?
True
Let r = 8 - 5. Suppose 3*o + b = 2*o + r, o + 3*b - 3 = 0. Suppose 0*x + 231 = o*x. Is x a composite number?
True
Suppose -5*w + 131 + 404 = 0. Suppose 2*y - w = 47. Is y a prime number?
False
Let u(r) be the first derivative of r**5/20 + 5*r**4/12 - 2*r**3/3 - 7*r**2/2 - r + 1. Let v(h) be the first derivative of u(h). Is v(-5) prime?
True
Suppose -2*s = -3*s + 2. Let g(v) = v**s + 161 - 2*v + v + 0*v**2. Is g(0) prime?
False
Is (381/(-6))/((-1)/2) prime?
True
Suppose 0*v + v - 3*b = 197, -4*v + 848 = 3*b. Is v composite?
True
Let m(f) = 10*f**2 - 3*f + 1. Let d be m(-5). Let i = d + -9. Is i/(4 - (3 + 0)) composite?
False
Let m(x) = -15*x + 28. Is m(-18) a prime number?
False
Suppose 0*r - r + 91 = 0. Is r a composite number?
True
Let d = -2277 - -3961. Let q = -1163 + d. Is q composite?
False
Let m = -17 - -5. Let p = 17 + m. Suppose 0 = t + 3*z - 22, -3*t + 3*z - 44 = -p*t. Is t prime?
False
Suppose -3*x = 0, -x = -2*v - 3 + 169. Is v prime?
True
Let j be (2/(-2) - -3) + -193. Let u = j + 304. Is u prime?
True
Let q(w) = w**3 - 2*w**2 - 3*w - 1. Let u = -16 - -21. Is q(u) a composite number?
False
Suppose -3*h = -567 + 195. Suppose -h + 27 = -p. Is p a prime number?
True
Let j = -6017 - -10194. Is j a prime number?
True
Let f be (1/(-2) + 0)*-4. Suppose 2*j + d - 10 = 0, f*d + 2 = -3*j + 16. Is ((-2)/j)/(12/(-3348)) a composite number?
True
Let c = -4 + 8. Let f be -1 + (-28)/(1/(-1)). Let p = c + f. Is p a prime number?
True
Let k = 9 - 7. Is k + 3 + -5 - -14 prime?
False
Let j = -257 + 373. Suppose -4*x - w + j = 3*w, -w = 4. Is x composite?
True
Is ((-78)/20 + (-6)/(-15))*-122 prime?
False
Let t = 10 - 5. Suppose -32 = -t*c - 7. Suppose c*d = j - 10, -5*j + d = -79 - 91. Is j composite?
True
Suppose -5*y - 3*x = -18, 4*y - 2*x - x - 9 = 0. Let k = 6 - y. Is k - (4 - 3) - -23 a composite number?
True
Let q be 13/(-4) + 3/12. Is 530/15 + q/9 prime?
False
Let p(j) = j**3 - j**2 - 2*j - 1. Let h be p(-1). Let g = h - -3. Suppose r - 1 = g. Is r a prime number?
True
Is (-7175)/(-20) + (-3)/(-12) composite?
False
Suppose -3*d = -7*d + 12. Suppose 4*z - 20 = -2*j + 90, d*j - 90 = -3*z. Is z prime?
False
Suppose -y - 2*y = 0. Let s be 31*6*(-6)/(-9). Suppose y = -4*r + w + 147, 3*w = -5*r + 64 + s. Is r a composite number?
False
Suppose -f + 1878 = -5*r + 136, 0 = -3*f + 4*r + 5237. Is f a prime number?
True
Suppose 2*f + 36 = -4*d, -5*d + f - 2*f - 48 = 0. Let r be d/15 - (-266)/3. Suppose 2*u - 2*l = -0*u + r, -2*l = -u + 49. Is u prime?
False
Let x(b) = 4*b**2 + b + 2. Let u(n) = -n + 3. Let w be u(6). Let a be -4*(w - (-38)/8). Is x(a) composite?
False
Suppose -4*i - 8 = 4*y, 2*i = -2*y + y. Suppose -i*h = -u - 179, -h + 4*u + 93 = -0*h. Is h composite?
False
Let m(u) = -u**2 - 13*u + 9. Let g be m(-13). Is (-3)/(g/(-6)) - -161 a prime number?
True
Let b(w) = 13*w**2 + 16*w. Is b(7) a composite number?
True
Is (7 + -9)*134/(-4) a prime number?
True
Let a(c) = 1 + 2*c + 0*c - c. Let u be a(-7). Is (-294)/(-15) - u/(-10) a prime number?
True
Let a be (-1)/4 + (-18)/(-8). Suppose -4*m - a*p = -386, -p + 4 = -5*p. Is m composite?
False
Suppose 0 = b - 692 + 7. Is b a composite number?
True
Let i = -1748 + 3109. Is i a composite number?
False
Let c(t) = 2*t**2 - t - 6. Let r = 11 - 20. Let g be c(r). Suppose 4*x + x = g. Is x a composite number?
True
Suppose 2*j - 6044 = -2*u, 3*j - 3*u = -0*u + 9060. Suppose 5*g + 2244 = 3*d, 0*d + 3*g - j = -4*d. Is d a prime number?
False
Let x(s) = 32*s + 91. Is x(27) a composite number?
True
Suppose -r + 4 = -5*r. Let m(c) = -2*c**2 + 2*c + 1. Let q be m(r). Is (-4)/q*30/4 a prime number?
False
Let p(m) = m**2 + 4*m - 18. Is p(-8) a composite number?
True
Let a = -2 - -2. Suppose 5*b - 69 - 391 = a. Suppose 2*k - 239 = r, -k - 4*r = -b - 23. Is k a composite number?
True
Suppose -n + 1381 = -0*h + 3*h, -h = -3*n - 467. Let r = 553 + h. Is 1/3 - r/(-9) a composite number?
False
Suppose 0*g - 6 = -3*g. Let o(m) = 13*m**3 - m**2 + m + 1. Is o(g) prime?
True
Let c = -15 + 22. Suppose -3*f = -f. Suppose f*b - b = -c. Is b composite?
False
Let q(d) be the second derivative of d**5/20 - d**4/12 + d**3/6 + 3*d**2/2 + 7*d. Suppose 5*v + 5 = 25. Is q(v) composite?
True
Let w = -31 + 108. Is w a composite number?
True
Let p be (-2)/(-8)*-2*6. Let w(b) = -b**2 - 5*b - 2. Let s be w(p). Suppose s*q - 316 = -0*q. Is q prime?
True
Let o(m) = m**2 + 6 - 4*m**2 + 3*m + 5*m**2. Suppose 2*l = 0, -4 = s + 6*l - 2*l. Is o(s) prime?
False
Let o = -352 - -501. Is o prime?
True
Suppose -5*l = -1054 - 2541. Is l composite?
False
Suppose 0 = 4*l + 19 + 1. Let y(t) = -t - 2. Let a be y(l). Suppose -a*b + 21 = -0*b. Is b composite?
False
Is 4010/((-1)/6*-3*4) composite?
True
Suppose 0 = -z + 3*z - 884. Let s = z - 281. Is s prime?
False
Let k(q) = -q**3 + 9*q**2 + 12*q - 1. Suppose 0 = 2*f - 0*f - 20. Is k(f) prime?
True
Let a = 473 + -322. Let f = a + 11. Let n = -83 + f. Is n prime?
True
Let q(x) = 7*x**2 + 7*x - 1. Suppose 1 = -m - 4*n, 6 = -2*m + m + n. Is q(m) composite?
False
Is 2/(-6) + (-2262)/(-9) prime?
True
Let a(p) = 3*p**3 - 5*p**2 + 4*p + 3. Let o be -2 + 7 + -1 + 0. Is a(o) prime?
True
Suppose -14*v + 19*v - 2045 = 0. Is v composite?
False
Let r be 12/(-15)*(-10)/4. Suppose r*i - 7*i = -2*y - 341, -3*i + y = -204. Is i prime?
True
Let f be -1*(3 - 6) - 0. Suppose 4 = g, -q + f*g + 34 - 92 = 0. Let x = -32 - q. Is x composite?
True
Let h(r) = -r + 5. Let n be h(7). Is (508/(-8))/(1/n) a composite number?
False
Suppose u - 4 + 1 = 0. Suppose -212 = u*p - 5*p. Suppose 3*c = 23 + p. Is c prime?
True
Let j(t) = t**3 - 18*t**2 + 24*t + 17. Is j(18) prime?
True
Let d(i) = 7*i**2 - 13. Is d(9) a composite number?
True
Let c be (12/5)/((-7)/(-175)). Suppose 2*x = -2*x + c. Is x composite?
True
Let d be (-2)/4 + 11/2. Suppose -2*p = m - 0*m - 12, -d*p = -2*m + 33. Is m/(-63) - (-2578)/18 composite?
True
Let o = -2 + -46. Let n = 117 + o. Is n a composite number?
True
Suppose -11 = 3*f + 4. Let h be (-2)/f + 23/5. Suppose 7 + 58 = h*s. Is s composite?
False
Let v be 0*(-2)/6*1. Suppose v = -x - 3*x + 492. Is x a composite number?
True
Let a = 4 - -29. Let q = a - 19. Is q prime?
False
Suppose 0 = 3*t + 5*u - 22, 2*t + 6*u - 16 = 2*u. Suppose 3*z + 3*i - 243 = 0, -t*z + 2*i - 7*i = -320. Is z a prime number?
False
Let u(m) = 0*m + 0*m - 7*m - m**2 - 1. Let b be u(-6). Suppose -4*c + b = -51. Is c a composite number?
True
Suppose -6*n + 10 = -4*n. Suppose 0*r + 257 = 5*y - 2*r, 3*r = -n*y + 277. Is y composite?
False
Is 3 - (-392 - -1 - (-2 - -1)) prime?
False
Suppose 164 = u - 4*j - 911, -2124 = -2*u - 5*j. Is u prime?
False
Is -4*2/(-24)*633 prime?
True
Let v = -66 + 125. Is v a composite number?
False
Let y(z) = -z + 1480. Let w be y(0). Suppose 2*r + 219 + 80 = v, -5*r = -5*v + w. Is v a prime number?
True
Let w = -64 - -90. Is w a composite number?
True
Suppose -q = -3*o + 20, 5*o + 5*q + 3 - 23 = 0. Let x = -1 + o. Suppose -4*c + 55 = -x*m, -c + 70 = 4*c - 5*m. Is c composite?
True
Let p(k) be the third derivative of -k**6/120 - k**5/12 + 5*k**4/24 + 4*k**3/3 - 2*k**2. Let g be p(-6). Let i = 5 + g. Is i a composite number?
False
Let b(a) = 1. Let x(r) = -6*r - 4. Let z(v) = 6*b(v) + 2*x(v). Let n = -5 - -3. Is z(n) a composite number?
True
Let k(p) = -p**3 - 10*p**2 - 11*p - 13. Let c be k(-9). Suppose c*w - n = 1570, 5*n = w + 3*n - 314. Is w prime?
False
Let z(v) = -10*v + 16. Is z(-9) a composite number?
True
Let j be (-222)/(-5) - (-9)/15. Let r = j + -23. Is r a 